{"id":11,"date":"2025-03-10T13:43:01","date_gmt":"2025-03-10T13:43:01","guid":{"rendered":"https:\/\/sv-weferlingen.de\/?page_id=11"},"modified":"2025-03-12T09:52:23","modified_gmt":"2025-03-12T09:52:23","slug":"schuetzenverein-weferlingen-von-1832-e-v","status":"publish","type":"page","link":"https:\/\/sv-weferlingen.de\/","title":{"rendered":""},"content":{"rendered":"\n<h2 class=\"wp-block-heading has-text-align-center\">Willkommen beim Sch\u00fctzenverein Weferlingen von 1832 e.V.<\/h2>\n\n\n\n<p>Gemeinsam f\u00fcr Tradition und Kameradschaft<\/p>\n\n\n\n<h2 class=\"wp-block-heading\">\u00dcber Uns<\/h2>\n\n\n\n<p>Der Sch\u00fctzenverein ist eine engagierte Gemeinschaft mit mehr als 40 Mitgliedern, die stolz darauf ist, Traditionen zu bewahren und eine starke Kameradschaft zu pflegen. Unser Verein legt gro\u00dfen Wert auf die F\u00f6rderung des Schie\u00dfsports und die Erhaltung unserer Vereinsgeschichte. Wir sind stets bestrebt, ein harmonisches Miteinander zu schaffen und die Werte des Sch\u00fctzenwesens zu leben.<\/p>\n\n\n\n<h2 class=\"wp-block-heading\">Veranstaltungen<\/h2>\n\n\n\n<p>Schie\u00dfsport auf den Luftgewehrschie\u00dfstand, Datum und Uhrzeit werden bekanntgegeben, Ort: Luftgewehrschie\u00dfstand<\/p>\n\n\n\n<figure class=\"wp-block-image size-full is-resized\"><img loading=\"lazy\" decoding=\"async\" width=\"1004\" height=\"753\" src=\"https:\/\/sv-weferlingen.de\/wp-content\/uploads\/2025\/03\/csm_Schuetzenverein_in_der_Naehe_a6c21bd477.webp\" alt=\"\" class=\"wp-image-61\" style=\"width:80px;height:auto\" srcset=\"https:\/\/sv-weferlingen.de\/wp-content\/uploads\/2025\/03\/csm_Schuetzenverein_in_der_Naehe_a6c21bd477.webp 1004w, https:\/\/sv-weferlingen.de\/wp-content\/uploads\/2025\/03\/csm_Schuetzenverein_in_der_Naehe_a6c21bd477-300x225.webp 300w, https:\/\/sv-weferlingen.de\/wp-content\/uploads\/2025\/03\/csm_Schuetzenverein_in_der_Naehe_a6c21bd477-768x576.webp 768w\" sizes=\"auto, (max-width: 1004px) 100vw, 1004px\" \/><\/figure>\n\n\n\n<p>Vereinsabend in geselliger Runde, Datum und Uhrzeit werden bekanntgegeben, Ort: Sch\u00fctzenkeller<\/p>\n\n\n\n<figure class=\"wp-block-image size-full is-resized\"><img loading=\"lazy\" decoding=\"async\" width=\"990\" height=\"743\" src=\"https:\/\/sv-weferlingen.de\/wp-content\/uploads\/2025\/03\/darts_g-990x743-1.jpg\" alt=\"\" class=\"wp-image-63\" style=\"width:80px;height:auto\" srcset=\"https:\/\/sv-weferlingen.de\/wp-content\/uploads\/2025\/03\/darts_g-990x743-1.jpg 990w, https:\/\/sv-weferlingen.de\/wp-content\/uploads\/2025\/03\/darts_g-990x743-1-300x225.jpg 300w, https:\/\/sv-weferlingen.de\/wp-content\/uploads\/2025\/03\/darts_g-990x743-1-768x576.jpg 768w\" sizes=\"auto, (max-width: 990px) 100vw, 990px\" \/><\/figure>\n\n\n\n<figure class=\"wp-block-image size-full is-resized\"><img loading=\"lazy\" decoding=\"async\" width=\"650\" height=\"487\" src=\"https:\/\/sv-weferlingen.de\/wp-content\/uploads\/2025\/03\/skat-app.jpg\" alt=\"\" class=\"wp-image-62\" style=\"width:80px;height:auto\" srcset=\"https:\/\/sv-weferlingen.de\/wp-content\/uploads\/2025\/03\/skat-app.jpg 650w, https:\/\/sv-weferlingen.de\/wp-content\/uploads\/2025\/03\/skat-app-300x225.jpg 300w\" sizes=\"auto, (max-width: 650px) 100vw, 650px\" \/><\/figure>\n\n\n\n<p>F\u00fcr weitere Informationen oder Anfragen kannst du uns gerne kontaktieren. Wir freuen uns darauf, von dir zu h\u00f6ren und stehen dir jederzeit zur Verf\u00fcgung.<\/p>\n\n\n\n<h2 class=\"wp-block-heading\"><a href=\"https:\/\/editor.wix.com\/html\/editor\/web\/renderer\/render\/document\/92031612-84e4-4712-ad15-05a124121e26\">Sch\u00fctzenverein<\/a><\/h2>\n\n\n\n<p>Hans-Werner Kraul Vorsitzender<\/p>\n\n\n\n<p>Sophienstra\u00dfe 8<\/p>\n\n\n\n<p>39356 Weferlingen<\/p>\n\n\n\n<p>hwkraul@sv-weferlingen.de<\/p>\n\n\n\n<figure class=\"wp-block-image size-full is-resized\"><img loading=\"lazy\" decoding=\"async\" width=\"590\" height=\"660\" src=\"https:\/\/sv-weferlingen.de\/wp-content\/uploads\/2025\/03\/weferlingen.png\" alt=\"\" class=\"wp-image-30\" style=\"width:80px;height:auto\" srcset=\"https:\/\/sv-weferlingen.de\/wp-content\/uploads\/2025\/03\/weferlingen.png 590w, https:\/\/sv-weferlingen.de\/wp-content\/uploads\/2025\/03\/weferlingen-268x300.png 268w\" sizes=\"auto, (max-width: 590px) 100vw, 590px\" \/><\/figure>\n\n\n\n<p><\/p>\n","protected":false},"excerpt":{"rendered":"<p>Willkommen beim Sch\u00fctzenverein Weferlingen von 1832 e.V. Gemeinsam f\u00fcr Tradition und Kameradschaft \u00dcber Uns Der Sch\u00fctzenverein ist eine engagierte Gemeinschaft mit mehr als 40 Mitgliedern, die stolz darauf ist, Traditionen zu bewahren und eine starke Kameradschaft zu pflegen. Unser Verein legt gro\u00dfen Wert auf die F\u00f6rderung des Schie\u00dfsports und die Erhaltung unserer Vereinsgeschichte. Wir sind [&hellip;]<\/p>\n","protected":false},"author":1,"featured_media":27,"parent":0,"menu_order":0,"comment_status":"closed","ping_status":"closed","template":"","meta":{"footnotes":""},"class_list":["post-11","page","type-page","status-publish","has-post-thumbnail","hentry"],"jetpack_sharing_enabled":true,"_links":{"self":[{"href":"https:\/\/sv-weferlingen.de\/index.php?rest_route=\/wp\/v2\/pages\/11","targetHints":{"allow":["GET"]}}],"collection":[{"href":"https:\/\/sv-weferlingen.de\/index.php?rest_route=\/wp\/v2\/pages"}],"about":[{"href":"https:\/\/sv-weferlingen.de\/index.php?rest_route=\/wp\/v2\/types\/page"}],"author":[{"embeddable":true,"href":"https:\/\/sv-weferlingen.de\/index.php?rest_route=\/wp\/v2\/users\/1"}],"replies":[{"embeddable":true,"href":"https:\/\/sv-weferlingen.de\/index.php?rest_route=%2Fwp%2Fv2%2Fcomments&post=11"}],"version-history":[{"count":11,"href":"https:\/\/sv-weferlingen.de\/index.php?rest_route=\/wp\/v2\/pages\/11\/revisions"}],"predecessor-version":[{"id":65,"href":"https:\/\/sv-weferlingen.de\/index.php?rest_route=\/wp\/v2\/pages\/11\/revisions\/65"}],"wp:featuredmedia":[{"embeddable":true,"href":"https:\/\/sv-weferlingen.de\/index.php?rest_route=\/wp\/v2\/media\/27"}],"wp:attachment":[{"href":"https:\/\/sv-weferlingen.de\/index.php?rest_route=%2Fwp%2Fv2%2Fmedia&parent=11"}],"curies":[{"name":"wp","href":"https:\/\/api.w.org\/{rel}","templated":true}]}}